{"id":70,"date":"2021-06-14T12:08:13","date_gmt":"2021-06-14T15:08:13","guid":{"rendered":"https:\/\/jotafilms.com.br\/?page_id=70"},"modified":"2023-05-05T16:24:44","modified_gmt":"2023-05-05T19:24:44","slug":"insulfilm-fume-g5-g20","status":"publish","type":"page","link":"https:\/\/jotafilms.com.br\/?page_id=70","title":{"rendered":"Insulfilm Residencial Fum\u00ea G5, G20"},"content":{"rendered":"\n<figure class=\"wp-block-image size-full\"><img loading=\"lazy\" decoding=\"async\" width=\"600\" height=\"450\" src=\"http:\/\/jotafilms.com.br\/wp-content\/uploads\/2023\/01\/insulfilm-fume-g5-vespasiano222.jpg\" alt=\"Fum\u00ea G5 por fora\" class=\"wp-image-404\" srcset=\"https:\/\/jotafilms.com.br\/wp-content\/uploads\/2023\/01\/insulfilm-fume-g5-vespasiano222.jpg 600w, https:\/\/jotafilms.com.br\/wp-content\/uploads\/2023\/01\/insulfilm-fume-g5-vespasiano222-300x225.jpg 300w\" sizes=\"auto, (max-width: 600px) 100vw, 600px\" \/><figcaption class=\"wp-element-caption\">Fum\u00ea G5 por fora<\/figcaption><\/figure>\n\n\n\n<figure class=\"wp-block-image size-full\"><img loading=\"lazy\" decoding=\"async\" width=\"600\" height=\"450\" src=\"http:\/\/jotafilms.com.br\/wp-content\/uploads\/2023\/01\/insulfilmg3.jpg\" alt=\"Fum\u00ea G5 por dentro\" class=\"wp-image-405\" srcset=\"https:\/\/jotafilms.com.br\/wp-content\/uploads\/2023\/01\/insulfilmg3.jpg 600w, https:\/\/jotafilms.com.br\/wp-content\/uploads\/2023\/01\/insulfilmg3-300x225.jpg 300w\" sizes=\"auto, (max-width: 600px) 100vw, 600px\" \/><figcaption class=\"wp-element-caption\">Fum\u00ea G5 por dentro<\/figcaption><\/figure>\n\n\n\n<p>Insulfilm  residencial Fum\u00ea G5, G20, G35 s\u00e3o as pel\u00edculas ideais para sombrear o ambiente e reduzir o calor que entra pelos vidros. Alem de dar privacidade o dia todo \u00e9 uma pel\u00edcula que tem um custo benef\u00edcio muito bom. \u00c9 muito f\u00e1cil solicitar um or\u00e7amento, basta informar a altura e largura dos vidros.<\/p>\n\n\n\n<p>Instalamos o insulfilm residencial G5, G20, G35 em todos os bairros de BH,  e todas as cidades da regi\u00e3o metropolitana.<\/p>\n","protected":false},"excerpt":{"rendered":"<p>Insulfilm residencial Fum\u00ea G5, G20, G35 s\u00e3o as pel\u00edculas ideais para sombrear o ambiente e reduzir o calor que entra pelos vidros. Alem de dar privacidade o dia todo \u00e9 uma pel\u00edcula que tem um custo benef\u00edcio muito bom. \u00c9 muito f\u00e1cil solicitar um or\u00e7amento, basta informar a altura e largura dos vidros. Instalamos o &hellip; <\/p>\n<p class=\"link-more\"><a href=\"https:\/\/jotafilms.com.br\/?page_id=70\" class=\"more-link\">Continue reading<span class=\"screen-reader-text\"> &#8220;Insulfilm Residencial Fum\u00ea G5, G20&#8221;<\/span><\/a><\/p>\n","protected":false},"author":1,"featured_media":0,"parent":0,"menu_order":0,"comment_status":"closed","ping_status":"closed","template":"","meta":{"footnotes":""},"class_list":["post-70","page","type-page","status-publish","hentry"],"_links":{"self":[{"href":"https:\/\/jotafilms.com.br\/index.php?rest_route=\/wp\/v2\/pages\/70","targetHints":{"allow":["GET"]}}],"collection":[{"href":"https:\/\/jotafilms.com.br\/index.php?rest_route=\/wp\/v2\/pages"}],"about":[{"href":"https:\/\/jotafilms.com.br\/index.php?rest_route=\/wp\/v2\/types\/page"}],"author":[{"embeddable":true,"href":"https:\/\/jotafilms.com.br\/index.php?rest_route=\/wp\/v2\/users\/1"}],"replies":[{"embeddable":true,"href":"https:\/\/jotafilms.com.br\/index.php?rest_route=%2Fwp%2Fv2%2Fcomments&post=70"}],"version-history":[{"count":1,"href":"https:\/\/jotafilms.com.br\/index.php?rest_route=\/wp\/v2\/pages\/70\/revisions"}],"predecessor-version":[{"id":498,"href":"https:\/\/jotafilms.com.br\/index.php?rest_route=\/wp\/v2\/pages\/70\/revisions\/498"}],"wp:attachment":[{"href":"https:\/\/jotafilms.com.br\/index.php?rest_route=%2Fwp%2Fv2%2Fmedia&parent=70"}],"curies":[{"name":"wp","href":"https:\/\/api.w.org\/{rel}","templated":true}]}}