{"id":143,"date":"2021-06-24T18:51:32","date_gmt":"2021-06-24T21:51:32","guid":{"rendered":"https:\/\/jotafilms.com.br\/?page_id=143"},"modified":"2021-06-24T18:51:32","modified_gmt":"2021-06-24T21:51:32","slug":"remocao-do-insulfilm-antigo","status":"publish","type":"page","link":"https:\/\/jotafilms.com.br\/?page_id=143","title":{"rendered":"Remo\u00e7\u00e3o do insulfilm Antigo"},"content":{"rendered":"\n<p>Com o tempo e a exposi\u00e7\u00e3o solar o insulfilm chega ao fim de sua vida \u00fatil, e passa a apresentar algumas caracter\u00edsticas desagrad\u00e1veis tais como bolhas, rugas, emba\u00e7amento, al\u00e9m de defeitos causados pelos anos de limpeza como os arranh\u00f5es, por isso \u00e9 necess\u00e1rio a remo\u00e7\u00e3o do insulfilm antigo. N\u00f3s fazemos a remo\u00e7\u00e3o completa das pel\u00edculas antigas sem deixar cola ou vest\u00edgios usando t\u00e9cnicas e ferramentas especializadas que devolvem ao vidro sua apar\u00eancia original, voc\u00ea pode reinstalar um novo insulfilm ou deixar os vidros limpos.<\/p>\n","protected":false},"excerpt":{"rendered":"<p>Com o tempo e a exposi\u00e7\u00e3o solar o insulfilm chega ao fim de sua vida \u00fatil, e passa a apresentar algumas caracter\u00edsticas desagrad\u00e1veis tais como bolhas, rugas, emba\u00e7amento, al\u00e9m de defeitos causados pelos anos de limpeza como os arranh\u00f5es, por isso \u00e9 necess\u00e1rio a remo\u00e7\u00e3o do insulfilm antigo. N\u00f3s fazemos a remo\u00e7\u00e3o completa das pel\u00edculas &hellip; <\/p>\n<p class=\"link-more\"><a href=\"https:\/\/jotafilms.com.br\/?page_id=143\" class=\"more-link\">Continue reading<span class=\"screen-reader-text\"> &#8220;Remo\u00e7\u00e3o do insulfilm Antigo&#8221;<\/span><\/a><\/p>\n","protected":false},"author":1,"featured_media":0,"parent":0,"menu_order":0,"comment_status":"closed","ping_status":"closed","template":"","meta":{"footnotes":""},"class_list":["post-143","page","type-page","status-publish","hentry"],"_links":{"self":[{"href":"https:\/\/jotafilms.com.br\/index.php?rest_route=\/wp\/v2\/pages\/143","targetHints":{"allow":["GET"]}}],"collection":[{"href":"https:\/\/jotafilms.com.br\/index.php?rest_route=\/wp\/v2\/pages"}],"about":[{"href":"https:\/\/jotafilms.com.br\/index.php?rest_route=\/wp\/v2\/types\/page"}],"author":[{"embeddable":true,"href":"https:\/\/jotafilms.com.br\/index.php?rest_route=\/wp\/v2\/users\/1"}],"replies":[{"embeddable":true,"href":"https:\/\/jotafilms.com.br\/index.php?rest_route=%2Fwp%2Fv2%2Fcomments&post=143"}],"version-history":[{"count":0,"href":"https:\/\/jotafilms.com.br\/index.php?rest_route=\/wp\/v2\/pages\/143\/revisions"}],"wp:attachment":[{"href":"https:\/\/jotafilms.com.br\/index.php?rest_route=%2Fwp%2Fv2%2Fmedia&parent=143"}],"curies":[{"name":"wp","href":"https:\/\/api.w.org\/{rel}","templated":true}]}}