{"id":138,"date":"2021-06-22T12:57:55","date_gmt":"2021-06-22T15:57:55","guid":{"rendered":"https:\/\/jotafilms.com.br\/?page_id=138"},"modified":"2023-01-02T16:13:13","modified_gmt":"2023-01-02T19:13:13","slug":"insulfilm-nanoceramico","status":"publish","type":"page","link":"https:\/\/jotafilms.com.br\/?page_id=138","title":{"rendered":"Insulfilm Nanocer\u00e2mico"},"content":{"rendered":"\n<figure class=\"wp-block-image size-full\"><img loading=\"lazy\" decoding=\"async\" width=\"600\" height=\"450\" src=\"http:\/\/jotafilms.com.br\/wp-content\/uploads\/2023\/01\/insulfilmnanoceramica2.jpg\" alt=\"Insulfilm Nano cer\u00e2mico\" class=\"wp-image-418\" srcset=\"https:\/\/jotafilms.com.br\/wp-content\/uploads\/2023\/01\/insulfilmnanoceramica2.jpg 600w, https:\/\/jotafilms.com.br\/wp-content\/uploads\/2023\/01\/insulfilmnanoceramica2-300x225.jpg 300w\" sizes=\"auto, (max-width: 600px) 100vw, 600px\" \/><figcaption class=\"wp-element-caption\">Insulfilm nanocer\u00e2mico<\/figcaption><\/figure>\n\n\n\n<figure class=\"wp-block-image size-large\"><img loading=\"lazy\" decoding=\"async\" width=\"576\" height=\"1024\" src=\"http:\/\/jotafilms.com.br\/wp-content\/uploads\/2023\/01\/insulfilmnanoceramica1-576x1024.jpg\" alt=\"\" class=\"wp-image-417\" srcset=\"https:\/\/jotafilms.com.br\/wp-content\/uploads\/2023\/01\/insulfilmnanoceramica1-576x1024.jpg 576w, https:\/\/jotafilms.com.br\/wp-content\/uploads\/2023\/01\/insulfilmnanoceramica1-169x300.jpg 169w, https:\/\/jotafilms.com.br\/wp-content\/uploads\/2023\/01\/insulfilmnanoceramica1-768x1365.jpg 768w, https:\/\/jotafilms.com.br\/wp-content\/uploads\/2023\/01\/insulfilmnanoceramica1-864x1536.jpg 864w, https:\/\/jotafilms.com.br\/wp-content\/uploads\/2023\/01\/insulfilmnanoceramica1-1152x2048.jpg 1152w, https:\/\/jotafilms.com.br\/wp-content\/uploads\/2023\/01\/insulfilmnanoceramica1-scaled.jpg 1440w\" sizes=\"auto, (max-width: 576px) 100vw, 576px\" \/><\/figure>\n\n\n\n<p>Insulfilm nanocer\u00e2mico \u00e9 uma pel\u00edcula muito vers\u00e1til capaz de ser usada em ve\u00edculos resid\u00eancias e empresas em geral, tem como principal caracter\u00edstica praticamente n\u00e3o alterar a est\u00e9tica visual dos vidros, ele tem sido amplamente utilizado em vitrines de lojas onde n\u00e3o se pode perder a visibilidade dos produtos, em fachadas de edificios onde n\u00e3o \u00e9 permitido alterar a cor dos vidros e muitas outras aplica\u00e7\u00f5es, ela \u00e9 capaz de <strong>reduzir em mais de 70% os raios Infravermelhos e bloqueia 99,9% dos raios ultravioletas<\/strong>, tudo isso sem escurecer o ambiente ou mudar a cor dos vidros.<\/p>\n\n\n<div class=\"crp_related   crp_related_block   crp-rounded-thumbs\"><ul><li><a href=\"https:\/\/jotafilms.com.br\/?page_id=127\"     class=\"crp_link page-127\"><figure><img decoding=\"async\" loading=\"lazy\"  width=\"150\" height=\"150\"  src=\"https:\/\/jotafilms.com.br\/wp-content\/plugins\/contextual-related-posts\/default.png\" class=\"crp_thumb crp_default_thumb\" alt=\"O INSULFILM\" title=\"O INSULFILM\" \/><\/figure><span class=\"crp_title\">O INSULFILM<\/span><\/a><\/li><li><a href=\"https:\/\/jotafilms.com.br\/?page_id=133\"     class=\"crp_link page-133\"><figure><img decoding=\"async\" loading=\"lazy\"  width=\"150\" height=\"150\"  src=\"https:\/\/jotafilms.com.br\/wp-content\/plugins\/contextual-related-posts\/default.png\" class=\"crp_thumb crp_default_thumb\" alt=\"Como escolher seu Insulfilm\" title=\"Como escolher seu Insulfilm\" \/><\/figure><span class=\"crp_title\">Como escolher seu Insulfilm<\/span><\/a><\/li><li><a href=\"https:\/\/jotafilms.com.br\/?page_id=207\"     class=\"crp_link page-207\"><figure><img decoding=\"async\" loading=\"lazy\"  width=\"150\" height=\"84\"  src=\"https:\/\/jotafilms.com.br\/wp-content\/uploads\/2023\/01\/prata02.jpg\" class=\"crp_thumb crp_firstcorrect\" alt=\"Qual o valor do insulfilm da jotafilms bh?\" title=\"Qual o valor do insulfilm da jotafilms bh?\" srcset=\"https:\/\/jotafilms.com.br\/wp-content\/uploads\/2023\/01\/prata02.jpg 600w, https:\/\/jotafilms.com.br\/wp-content\/uploads\/2023\/01\/prata02-300x169.jpg 300w\" sizes=\"auto, (max-width: 150px) 100vw, 150px\" \/><\/figure><span class=\"crp_title\">Qual o valor do insulfilm da jotafilms bh?<\/span><\/a><\/li><li><a href=\"https:\/\/jotafilms.com.br\/?page_id=143\"     class=\"crp_link page-143\"><figure><img decoding=\"async\" loading=\"lazy\"  width=\"150\" height=\"150\"  src=\"https:\/\/jotafilms.com.br\/wp-content\/plugins\/contextual-related-posts\/default.png\" class=\"crp_thumb crp_default_thumb\" alt=\"Remo\u00e7\u00e3o do insulfilm Antigo\" title=\"Remo\u00e7\u00e3o do insulfilm Antigo\" \/><\/figure><span class=\"crp_title\">Remo\u00e7\u00e3o do insulfilm Antigo<\/span><\/a><\/li><li><a href=\"https:\/\/jotafilms.com.br\/?page_id=2\"     class=\"crp_link page-2\"><figure><img decoding=\"async\" loading=\"lazy\"  width=\"150\" height=\"150\"  src=\"https:\/\/jotafilms.com.br\/wp-content\/plugins\/contextual-related-posts\/default.png\" class=\"crp_thumb crp_default_thumb\" alt=\"P\u00e1gina de exemplo\" title=\"P\u00e1gina de exemplo\" \/><\/figure><span class=\"crp_title\">P\u00e1gina de exemplo<\/span><\/a><\/li><li><a href=\"https:\/\/jotafilms.com.br\/?page_id=9\"     class=\"crp_link page-9\"><figure><img decoding=\"async\" loading=\"lazy\"  width=\"150\" height=\"150\"  src=\"https:\/\/jotafilms.com.br\/wp-content\/plugins\/contextual-related-posts\/default.png\" class=\"crp_thumb crp_default_thumb\" alt=\"P\u00e1gina de exemplo\" title=\"P\u00e1gina de exemplo\" \/><\/figure><span class=\"crp_title\">P\u00e1gina de exemplo<\/span><\/a><\/li><\/ul><div class=\"crp_clear\"><\/div><\/div>","protected":false},"excerpt":{"rendered":"<p>Insulfilm nanocer\u00e2mico \u00e9 uma pel\u00edcula muito vers\u00e1til capaz de ser usada em ve\u00edculos resid\u00eancias e empresas em geral, tem como principal caracter\u00edstica praticamente n\u00e3o alterar a est\u00e9tica visual dos vidros, ele tem sido amplamente utilizado em vitrines de lojas onde n\u00e3o se pode perder a visibilidade dos produtos, em fachadas de edificios onde n\u00e3o \u00e9 &hellip; <\/p>\n<p class=\"link-more\"><a href=\"https:\/\/jotafilms.com.br\/?page_id=138\" class=\"more-link\">Continue reading<span class=\"screen-reader-text\"> &#8220;Insulfilm Nanocer\u00e2mico&#8221;<\/span><\/a><\/p>\n","protected":false},"author":1,"featured_media":0,"parent":0,"menu_order":0,"comment_status":"closed","ping_status":"closed","template":"","meta":{"footnotes":""},"class_list":["post-138","page","type-page","status-publish","hentry"],"_links":{"self":[{"href":"https:\/\/jotafilms.com.br\/index.php?rest_route=\/wp\/v2\/pages\/138","targetHints":{"allow":["GET"]}}],"collection":[{"href":"https:\/\/jotafilms.com.br\/index.php?rest_route=\/wp\/v2\/pages"}],"about":[{"href":"https:\/\/jotafilms.com.br\/index.php?rest_route=\/wp\/v2\/types\/page"}],"author":[{"embeddable":true,"href":"https:\/\/jotafilms.com.br\/index.php?rest_route=\/wp\/v2\/users\/1"}],"replies":[{"embeddable":true,"href":"https:\/\/jotafilms.com.br\/index.php?rest_route=%2Fwp%2Fv2%2Fcomments&post=138"}],"version-history":[{"count":2,"href":"https:\/\/jotafilms.com.br\/index.php?rest_route=\/wp\/v2\/pages\/138\/revisions"}],"predecessor-version":[{"id":456,"href":"https:\/\/jotafilms.com.br\/index.php?rest_route=\/wp\/v2\/pages\/138\/revisions\/456"}],"wp:attachment":[{"href":"https:\/\/jotafilms.com.br\/index.php?rest_route=%2Fwp%2Fv2%2Fmedia&parent=138"}],"curies":[{"name":"wp","href":"https:\/\/api.w.org\/{rel}","templated":true}]}}